 29
Let q = 61783 - 33056. List the prime factors of q.
23, 1249
Suppose -3*r - 38769 = -2*y, y - 22447 = 2*r - 3059. List the prime factors of y.
2, 3, 3229
Suppose 3*t - 4*x - 20732 = 0, 3*t + 4*x - 34532 = -2*t. List the prime factors of (t/60 - 4/30)*2.
2, 5, 23
Suppose 992 = -q + 7*b, 5*q - 2*b + 5022 = 2*b. Let g = q + 1835. List the prime factors of g.
829
Suppose 8 = -8*q + 10*q. Let c = q - 11. What are the prime factors of ((-3)/c)/(32/56)*16?
2, 3
Let i(h) = -h**3 + 16*h**2 + 18*h - 14. Suppose 4*w - 79 = -11. Let g be i(w). Suppose -v - 2*l + 36 = 0, 2*l + 46 = g*v - 22. List the prime factors of v.
2, 13
Let s(q) = 863*q**2 + 103*q - 26. List the prime factors of s(-5).
2, 13, 809
Let o(l) = l**2 - l - 1. Let h(n) = -6*n**2 + 5*n + 5. Let g(s) = -h(s) - 5*o(s). Let i be -8*((-2)/1)/2. What are the prime factors of g(i)?
2
Suppose -10 = -6*w + 116. Let j = w + -17. Suppose j*f - 3*s = 560, 128 = f - 3*s - 12. What are the prime factors of f?
2, 5, 7
Suppose 0 = 2*d + 14, 9058 = h - 6*d + 11*d. List the prime factors of h.
3, 7, 433
Let k(w) = -127*w - 10921. List the prime factors of k(-129).
2, 2731
Let i(c) = -c**2 - 15*c - 15. Let g be i(-9). Let s = -34 + g. Suppose s*u + 214 = 7*u. What are the prime factors of u?
107
Let b(l) = 208*l - 9. Let y be b(1). Let a = y - 85. List the prime factors of a.
2, 3, 19
List the prime factors of (3/4)/((-215)/5160)*(-3581)/2.
3, 3581
Let z = -72 + 75. Let w(n) = -13*n - 4*n**2 - n**z + 3*n**3 - 20*n**2 + 5*n**2. List the prime factors of w(11).
2, 5, 11
Suppose -17*b - 7807 = -21849. List the prime factors of b.
2, 7, 59
Let p = 1697 + -1692. Suppose -8 = -2*m + 3*m - 5*i, -3*i + 12 = 3*m. Suppose -p*a = m*s - 127, -4*a + 110 = 5*s - 250. What are the prime factors of s?
2, 19
Suppose -52*r + 3219040 = 99*r - 41*r. What are the prime factors of r?
2, 31, 59
Let i = 35 + -31. Suppose 0 = -i*j - 2*u + 120, -4*u + 16 + 7 = j. List the prime factors of 1 + -3 + 0 + j.
29
What are the prime factors of (-172212)/(-16) - (187/44 - 4)?
47, 229
Let b = 4022 - 3869. What are the prime factors of b?
3, 17
Let t(d) = 813*d**2 + 52*d + 21. List the prime factors of t(-3).
2, 3, 7, 19
Suppose -3*g = -3*v + 297, -99 = -v - 0*g + 5*g. Suppose 0 = u - 248 - v. What are the prime factors of u?
347
Let r = -57 - 25. Let s = -82 - r. Suppose s = 5*i, i + 71 = -2*y + 3*y. List the prime factors of y.
71
Let f be (-2638)/(-10) - ((-1)/5 + 0). Suppose f = p - 36. What are the prime factors of p?
2, 3, 5
Let v = -150 + -30. Let s = v + 312. List the prime factors of s.
2, 3, 11
Suppose 0*i - 63 = 9*i. Let a be 12*i/(84/8). List the prime factors of (-3 + (-510)/8)/(3/a).
2, 89
What are the prime factors of (4302360/(-54))/(-17) - (-3)/9?
43, 109
Suppose -c = -q - 3, -2*q + 2 = -2. Suppose 0*o + c*o - 20 = 0, -3*o - 42 = -3*h. Let w = -11 + h. What are the prime factors of w?
7
Suppose -3*v - 40533 = 13*o - 18*o, 3*o - 2*v = 24319. List the prime factors of o.
3, 17, 53
Suppose 0 = -3*a - l + 1114, -2*a - l = -5*l - 752. Suppose 4*o - 16 = 0, -2*v + 0*v + a = 2*o. Let j = -57 + v. List the prime factors of j.
5
Let y = -594 + 667. Suppose -95*l + y*l + 38082 = 0. List the prime factors of l.
3, 577
Suppose -10*f + 19*f + 649 = 31636. What are the prime factors of f?
11, 313
Let v = 40 - 43. Let b = v + 4. What are the prime factors of 888/(-6)*(b - 1 - 1)?
2, 37
Let k(y) = -114*y**3 - 104*y**2 - 596*y - 17. List the prime factors of k(-6).
24439
Let b = -9 - -12. Suppose -2*y + 2*t + 0 = -20, -60 = -b*y - 3*t. What are the prime factors of 4 - 96/(-10) - (-6)/y?
2, 7
Suppose -3*i = 3 + 9, -28 = 4*y + i. Let j(n) = -n**2 + n. Let o(c) = -2*c**2 - 10*c - 22. Let t(v) = -2*j(v) - o(v). List the prime factors of t(y).
2, 59
Suppose -3*w + 78159 = 3*l, -2*l = -5*l + w + 78187. What are the prime factors of l?
2, 5, 1303
Let i be (-4 + 4)/(1/(-1)). Suppose 0 = -0*b - 4*b, -a - 4*b + 4 = i. Suppose -5*c = 2*x - 42, a*x + 38 = 5*c + 2*x. What are the prime factors of c?
2
Suppose 495*o - 496*o = -8448. List the prime factors of o.
2, 3, 11
Let z(h) = 42 + 715*h - 6 + 9. What are the prime factors of z(2)?
5, 59
List the prime factors of (-40168)/(-13) - ((-320)/104)/20.
2, 3, 5, 103
Let c = -10 - -12. Let t(y) = 3*y - 17*y**2 - 14*y**c - 5 + 33*y**2. List the prime factors of t(-7).
2, 3
Suppose -9*s - 5*m + 5410 = -4*s, 0 = 5*s - 5*m - 5450. Suppose -143*z + s = -137*z. What are the prime factors of z?
181
Suppose -4 = g, 5*g - 1742 = -4*b + 27890. List the prime factors of b.
3, 7, 353
Let j = -58 + 48. Let y be 1 - (-2)/1*(-65)/j. What are the prime factors of ((-36)/y)/((-18)/84)?
2, 3
Let h = 261 + -260. Let p(g) = 236*g**3 - g**2 - 2*g + 4. List the prime factors of p(h).
3, 79
Suppose -109*v + 2176605 = -325708. What are the prime factors of v?
11, 2087
Suppose 34*h - 17262 = 20*h. Suppose -h = -5*b + 722. List the prime factors of b.
17, 23
Let g = -205 + 1025. Let j = g - 313. What are the prime factors of j?
3, 13
Let c(g) = -3*g**3 - 4 - 24*g - 40 + 26*g - 18*g**2. What are the prime factors of c(-10)?
2, 71
Let y = -9907 - -20116. List the prime factors of y.
3, 41, 83
Let a(o) = -5*o**2 + 9*o + 121. Let n be a(-10). Let h = n + 1239. List the prime factors of h.
2, 5, 7, 11
Let k(y) = -37*y**3 + 6*y**2 - 8*y + 12. Let r be k(2). Let a(j) = -540*j**2 - j. Let l be a(-1). Let x = r - l. List the prime factors of x.
263
Let v(g) = -3 - 8 - 60*g - 6. Let o = 4258 - 4260. List the prime factors of v(o).
103
Let l(h) = -12*h - 95. Let f be l(-8). What are the prime factors of (11 - -187)/(f - -1)?
3, 11
Let n(r) = -r**3 + 5*r**2 - 5*r + 3. Suppose 11*y - 7*y = -2*p + 36, 2*p = -y + 30. Suppose 7*g - 7 = p. List the prime factors of n(g).
2, 3
Let d be -3*(-1 - -2 - -30). Suppose -k = 2*a - 200, a - 5*k - 121 - 1 = 0. Let m = a + d. What are the prime factors of m?
3
Let a = 83 - 26. Let k = -6231 - -6570. Suppose k = 5*o + 2*i - 0*i, a = o - 5*i. What are the prime factors of o?
67
Let o(y) = 3*y**2 - 16*y - 1. Let i be o(5). Let f be 15/i*12/(-5). Suppose -f*r - 54 = -7*r. List the prime factors of r.
2, 3
Let x be ((-205636)/(-707))/(2/35). Suppose -x = -13*g - 774. What are the prime factors of g?
2, 83
What are the prime factors of 60952 - 1*(-152)/8?
19, 3209
Suppose 1837956 = 142*l - 45*l. List the prime factors of l.
2, 3, 1579
Let v(n) = -118*n - 48. Let d be v(-21). Let x = -1572 + d. Suppose -q = -6*q - 4*k + x, 2*k + 6 = 0. What are the prime factors of q?
2, 3, 29
Suppose -5*o + 33 = -172. Let k(q) = -11*q - 121. Let x be k(-11). Let v = x + o. What are the prime factors of v?
41
Suppose 5*z = 5*t - 26 - 34, -3*t = z - 20. Suppose -32 = -4*j - t. List the prime factors of (-28)/(-1 + j/9).
2, 3, 7
Let u = 79231 - 40504. List the prime factors of u.
3, 13, 331
Suppose -36162 = 3*g - 0*g - 17*g. List the prime factors of g.
3, 7, 41
Suppose 21 - 341 = 5*b + 2*a, -4*b - 256 = -2*a. Let u(h) = -h**2 + 8*h - 36. Let f be u(8). Let j = f - b. List the prime factors of j.
2, 7
Let l = 28808 - 16941. List the prime factors of l.
11867
Let n(f) = 3*f**2 + 16*f + 4. Let c be n(-6). Suppose -c*a - 315 = -21*a. List the prime factors of a.
3, 7
Let a(x) = 3*x**3 - 4*x + 2. Let u(k) = 3*k**2 - 3*k + 1. Let n be u(1). Suppose 0 = -r + 4 - n. List the prime factors of a(r).
71
Let n(z) = z**2 - 2*z - 395. List the prime factors of n(-33).
2, 5, 19
Suppose -5*y + 32202 = 8*v - 7*v, 0 = 5*y + 3*v - 32206. What are the prime factors of y?
2, 5, 7, 23
Let a(h) be the second derivative of -2*h + 1/20*h**5 + 0 - 2*h**2 + 0*h**3 + 5/6*h**4. What are the prime factors of a(-9)?
7, 11
Let v(j) = -406*j**3 + j**2 + 8*j + 36. What are the prime factors of v(-4)?
2, 3, 11, 197
What are the prime factors of (-657780)/(-399)*(-21)/(-2)?
2, 3, 5, 577
Let w(p) = 2*p**2 - 4*p + 2. Suppose 0 = -26*j + 30*j - 24. Suppose 57 = 7*g - j. List the prime factors of w(g).
2
Let x(b) = 2807*b - 3646. List the prime factors of x(3).
5, 191
Suppose 1788*y = 1787*y + 1529. What are the prime factors of y?
11, 139
What are the prime factors of 24031*((-38)/14 - -3)?
2, 3433
Suppose -12*k = -k - 1694. Let b = 159 - k. What are the prime factors of b?
5
Let f(s) = 24*s - 29 + 52*s**2 + 13 + 29 + 12. List the prime factors of f(-6).
1753
Suppose